78 and s.
26
Suppose 0 = 20*t - 90 + 30. What is the highest common divisor of t and 39?
3
Let g be 42/(-28)*76/(-6). Calculate the highest common factor of 19 and g.
19
Let r(q) = 18*q - 2. Let o be r(3). Suppose -2*j = 4*l + 22, 4*j + o = -0*l - 4*l. Let b be (-2 + j/(-2))*4. What is the highest common factor of b and 2?
2
Let i(f) = -f + 68. Let l be i(33). What is the greatest common divisor of 35 and l?
35
Suppose -5*b = -2*d - 2*b + 23, 3*d - 32 = 2*b. What is the highest common divisor of d and 200?
10
Suppose -19*x = -14*x - 525. What is the highest common factor of 21 and x?
21
Let m = -27 - -57. Let b be (-183)/(-6) - (-1)/2. Let d = b + -21. Calculate the highest common divisor of d and m.
10
Let d be (-1 + 1)/(4 + -3). Suppose 0 = -g - d*g + 70. What is the highest common factor of g and 14?
14
Suppose 345 = 5*o + 3*x, -3*o + 56 + 137 = -x. Calculate the highest common factor of o and 6.
6
Suppose -30 = -4*h - h. Suppose -3 = -t + 9. What is the greatest common factor of h and t?
6
Let x = 95 - 59. Let s = 393 - 384. What is the greatest common factor of x and s?
9
Let u be (-15)/20 - (-153)/12. Calculate the highest common divisor of 4 and u.
4
Suppose 88 = u - 6. Suppose -u - 11 = -5*c. Calculate the highest common divisor of 3 and c.
3
Let h = 233 + -62. What is the greatest common factor of h and 9?
9
Let w(l) = -l**2 - 2*l + 2. Let j be w(-2). Suppose -9 = 4*p - 29. Calculate the greatest common divisor of p and j.
1
Let q = -236 + 416. Calculate the highest common divisor of q and 12.
12
Suppose 128 = -2*r + 6*r + v, 0 = 4*r - 5*v - 152. Suppose 0*g + g - r = 0. What is the greatest common divisor of 22 and g?
11
Let z = 26 + -9. Let r(b) = -23*b - 2. Let l be r(-6). What is the greatest common divisor of z and l?
17
Let r be (-101)/(-5) + 18/(-15). Let m be (3 + 0)*76/6. What is the highest common factor of m and r?
19
Let h be (6/18)/((-2)/(-90)). What is the highest common divisor of h and 45?
15
Let y = -191 + 279. Calculate the highest common divisor of 4 and y.
4
Suppose 0 = -b + 76 + 44. Let j = 37 - 22. What is the greatest common factor of b and j?
15
Let t = -24 + 9. Let z = t + 57. Suppose -2*w + 1 = -w + 4*v, w - v = 26. What is the greatest common factor of z and w?
21
Suppose 0*n - 32 = -2*n + 4*b, -b + 3 = 0. Calculate the greatest common divisor of 198 and n.
22
Let c(u) = -u**3 + 7*u**2 + 7*u + 1. Let k be c(7). Calculate the greatest common factor of 125 and k.
25
Let v = 10 - 6. Suppose -5*b + 5*n = -0*n, -v*n + 30 = 2*b. Suppose f + j = 49, -f + 70 = f - 5*j. What is the greatest common factor of b and f?
5
Suppose -4*l = -5*l + 14. Calculate the highest common divisor of 126 and l.
14
Let c(y) = -y**2 + 6*y - 4. Let q be c(9). Let m = 73 + q. Calculate the highest common factor of 7 and m.
7
Suppose 3*m + 2*o - 506 = -2*m, 0 = m - 5*o - 85. Let h(f) = -f**2 + 14*f - 7. Let q be h(15). Let r = -2 - q. Calculate the greatest common factor of r and m.
20
Let u(q) = q**2 + 2*q - 1. Let m be u(-3). Suppose m = 2*v - 2. Calculate the greatest common factor of 2 and v.
2
Suppose 0 = a + 2*q + 5, q = -4*a - 0 + 1. Calculate the highest common divisor of a and 3.
1
Let h(y) = -6*y - 1. Let t be h(-1). Suppose -21 - 3 = -4*m. Suppose m*b - 2*b = l + 156, -5*b + 196 = -l. Calculate the greatest common divisor of t and b.
5
Let n(q) = -5*q + 4*q**2 + 2*q - 3 - 3*q**2. Let w = -16 - -21. Let c be n(w). What is the greatest common divisor of c and 21?
7
Let q be 4*8 - (4 - 2). Calculate the highest common factor of q and 90.
30
Suppose -4*i + 45 = 3*n, 0 = 4*i + 4*n - 2*n - 46. Calculate the highest common factor of i and 6.
6
Suppose 4*d - 83 = 2*d - 3*i, -3*d + 4*i = -82. Suppose 2*x + d = 3*x. Calculate the highest common factor of x and 204.
34
Suppose -2*i + 81 = -137. Suppose 3*w - 4*n - i = 0, -6 = 4*n - 2. Let g be ((-6)/(-8))/(7 + (-772)/112). Calculate the greatest common factor of w and g.
7
Let w(o) = o**3 + 8*o**2 - 10*o - 6. Let d be w(-9). Suppose d = -u + 9. Let t(a) = a + 24. Let x be t(0). What is the greatest common divisor of u and x?
6
Let d be (-32)/(-2) + (-8)/4. Suppose 0*x + d = x. Suppose 283 = -4*y + 787. What is the greatest common factor of y and x?
14
Suppose -4*m + p = -36, m - 2*p + 2 - 4 = 0. Let l = -14 + 18. Calculate the highest common factor of l and m.
2
Suppose -3*p - 18 = 3. Let s(q) = q**2 + 8. Let b be s(p). What is the highest common divisor of 19 and b?
19
Let s = 44 - 7. What is the greatest common factor of 185 and s?
37
Let i(y) = 3*y**2 + 4*y - 20. Let l be i(6). Calculate the greatest common divisor of l and 14.
14
Suppose -6*s + 17 = -2*s - v, 7 = 2*s + v. Suppose 0 = -s*j - 4*u + 17 + 19, j + 3*u = 15. Calculate the greatest common factor of j and 30.
6
Let r = 86 - 55. Calculate the greatest common factor of 341 and r.
31
Let k = 12 - -12. Suppose -4*d = -8*d + k. What is the greatest common divisor of d and 30?
6
Suppose -43*l = -47*l + 96. What is the greatest common divisor of l and 12?
12
Let h(j) = 5*j**3 - j**2 - 2*j + 3. Let a(x) = -x + 1. Let l be a(-1). Let y be h(l). What is the greatest common factor of y and 7?
7
Let n(j) be the third derivative of -j**6/120 + 7*j**5/60 - 4*j**3/3 + 2*j**2. Let v be n(6). Calculate the greatest common divisor of v and 4.
4
Suppose -5*l + 3*l - z = -806, 798 = 2*l + 3*z. Calculate the highest common factor of l and 15.
15
Let b be 21/14 + 3/(-2). Let f be b + -1 + 22 - 1. What is the highest common divisor of 4 and f?
4
Let k be (-5)/20 + (-63)/(-12). Calculate the highest common divisor of k and 30.
5
Let m(q) = -18*q - 8. Let j be m(-1). Calculate the highest common factor of j and 45.
5
Suppose -6*d + 8*d - 88 = 0. What is the highest common divisor of d and 264?
44
Suppose -4*n + 122 = 4*q - 2, 3 = -3*q. Let h be (n + 0)/(-1)*-4. Let j = 69 - 53. What is the highest common factor of j and h?
16
Let l = 27 + -2. Let m be ((-1)/2)/((-2)/40). Suppose 0 = q - 2*v - 9 - 5, m = -5*v. What is the highest common divisor of q and l?
5
Let k be 14/5 + -3 + (-16)/(-5). What is the greatest common divisor of k and 12?
3
Let v(t) = 2*t + 3. Let y be v(3). Let g be -5 + 2 + -2 + 41. Calculate the highest common factor of y and g.
9
Suppose 2*n = 4 + 2. Suppose n*f + 8 = 44. Suppose f = 4*a - 268. Calculate the greatest common divisor of a and 14.
14
Let t = 4 + 10. Let l(h) be the second derivative of h**3 - h**2 - 2*h. Let g be l(5). What is the highest common divisor of t and g?
14
Suppose 0 = -3*j + 2*j + 9. Let l be (j - -78) + 2 + 1. What is the greatest common factor of 15 and l?
15
Let a = -19 + 67. What is the highest common factor of a and 6?
6
Let c = 0 + 4. Let y be 3/(4/48 - 0). Calculate the greatest common divisor of y and c.
4
Let g(o) = -32*o + 1. Let q be g(-2). Let k(i) = 2*i**2 + 12*i + 11. Let f be k(-10). Let x = f - q. What is the greatest common factor of 65 and x?
13
Let g = 93 + -82. Let b = -4 + 26. What is the greatest common factor of g and b?
11
Suppose 2*s = -2*s - v + 15, -2*s - 2*v + 6 = 0. Suppose 57 = 2*k + 5*x, 0*k + 95 = 5*k + 3*x. Calculate the greatest common divisor of s and k.
4
Let m = -21 + 46. Calculate the greatest common factor of m and 275.
25
Let n = 30 + 10. Calculate the highest common factor of 16 and n.
8
Let r be 270/3*1 - 2. What is the greatest common factor of r and 8?
8
Let k be ((-87)/(-9) + -3)*(0 - -18). What is the highest common factor of k and 12?
12
Suppose 0 = -4*l + 6*l - 6. Let d be (-22)/(l/(-3) + 0). Calculate the greatest common divisor of 55 and d.
11
Let f = 107 - 22. Calculate the highest common divisor of 51 and f.
17
Suppose 4*w + 92 - 36 = 0. Let m = 26 + w. Calculate the greatest common divisor of 48 and m.
12
Let q(j) = 2*j**3 + 3*j**2 - 2*j + 1. Let y be q(2). Let o = -8 + 13. Calculate the greatest common divisor of o and y.
5
Suppose -5*r = -44 - 36. Calculate the greatest common divisor of r and 128.
16
Suppose 0 = 3*n + 1 - 88. What is the greatest common factor of 203 and n?
29
Suppose -4*z = -22 - 18. Let w(u) = -u**2 - 3*u + 3. Let s be w(-3). Suppose -2*h + 25 = i + 1, -2*h = -s*i - 8. Calculate the highest common factor of h and z.
10
Let n(v) = v + 13. Let w be n(-9). Suppose -23 = -2*y - x, y + 4*x - w - 25 = 0. Calculate the highest common 